*a + 0*a + 2 + 2*a. Let r be w(2). Is ((-10)/r)/(1/(-236)) a prime number?
False
Let c be -4 - (-7119 - -5)*1. Is c/9 - (-5 + 1) prime?
False
Let o(w) = -3*w**3 - 14*w**2 - 6*w - 27. Is o(-10) a prime number?
False
Let z = 1758 - -575. Is z a prime number?
True
Suppose 2*u - 11 = 11. Suppose -2*d = 459 + u. Let y = -72 - d. Is y a prime number?
True
Let g(z) = 2*z + 1. Let m be g(1). Let f(k) = -3*k**2 - k + 6*k**m + 0*k**3 - k**3 + 7 - 6*k**3. Is f(-6) composite?
True
Suppose -x - q = 2*x - 91, 5*x - 5*q - 185 = 0. Let t = 14 + x. Is t a prime number?
False
Let t = 20210 - 9853. Is t composite?
False
Suppose 0 = -4*w + 3*w - 5, -3*n + 31182 = -3*w. Is n a composite number?
True
Let g = 761 + -232. Let p be ((-2)/(-2))/(10/30). Suppose 2*q + g = p*q. Is q a composite number?
True
Let w(r) be the second derivative of 3*r**5/10 + r**3/2 - r**2/2 - 3*r. Is w(2) a composite number?
False
Is (-212312)/(-56) - 8/28 prime?
False
Let t = 43519 + -18080. Is t a composite number?
False
Is 56460/30*6/4 prime?
False
Suppose 7*g + 8483 = 24*g. Is g a composite number?
False
Let x = -512 - -910. Suppose 47 = 3*l - 2*l - 4*t, 2*l - 2*t = 118. Let f = x - l. Is f composite?
True
Suppose -b + 5*b = 12. Let c(n) = 8*n - 3. Let p be c(b). Is 1107/p + (-8)/(-28) composite?
False
Let f(v) = 84*v**2 - 2*v. Let q be ((-2)/(-8))/((-4)/(-16)). Is f(q) prime?
False
Let q(v) = -v**3 + 10*v**2 + 8*v + 3. Let k(y) = -y + 4. Let a be k(4). Suppose -3*p = -3, a = o + p + p - 12. Is q(o) composite?
False
Let z = 16322 + -8175. Is z composite?
False
Suppose -2*c + p - 6 = -p, -c = -2*p + 3. Is ((-502)/(-4))/(c - 7/(-2)) composite?
False
Let j = -22497 + 33434. Is j a composite number?
False
Suppose 0 = -30*p + 21*p + 16515. Is p a prime number?
False
Is (-16 + 8 + 1)/(2/(-4138)) a composite number?
True
Suppose -2772 - 7760 = -4*l. Suppose l = 4*i + 5*a, -5*i - a + 1964 = -1301. Suppose -2*w = -k + 163, w = 4*k - 0*w - i. Is k a composite number?
False
Let d be 4/(-6)*6/(-1). Suppose -3*l - 5*q = -6 - 30, -d*l + 48 = -q. Is (88/l)/(6/27) a composite number?
True
Suppose 443164 = 26*r - 367698. Is r prime?
False
Let k(s) = -s. Let d(a) = a**3 + 11*a**2 - 20*a - 13. Let y(b) = d(b) - 4*k(b). Is y(-11) prime?
True
Suppose -3*b = -2*p + 17, -3*b = -2*p - p + 24. Let m(d) be the third derivative of d**5/60 - d**4/4 + 2*d**3 + 34*d**2. Is m(p) prime?
True
Let a(t) = 763*t - 23. Let m(w) = w. Let h(f) = a(f) - 2*m(f). Is h(2) composite?
False
Suppose -266*a + 267*a = 5561. Is a prime?
False
Is (-64163)/(-2) + (-7 - 39/(-6)) a prime number?
False
Let d = 19 - 8. Let r be -3 + 0 + -5 + d. Suppose 3*o = -2*l + 396, -r*l - 4*o = -0*o - 595. Is l prime?
False
Is (-1 - 0)/(2 + (-5486)/2742) composite?
True
Suppose i + 635 = 6*i. Is (-2 - 0)/((-2)/i) a composite number?
False
Suppose -9*g + 6*g = -2364. Let i = g + -457. Is i a composite number?
False
Let r = -51 + 60. Let o(k) = -k**2 - 5*k - 3. Let s be o(-6). Is (r/6)/(s/(-1590)) prime?
False
Suppose -2*i - 47 = -51. Suppose 0*c = -3*f - i*c + 314, -3*c - 324 = -3*f. Is f a composite number?
True
Suppose -5*r + 2*d + 6672 = 0, 4*r + 3*d - 4*d - 5337 = 0. Suppose 3*a - x = r, -4*a = -2*x - 638 - 1144. Is a a prime number?
True
Let d = -23 + 39. Suppose 3*i + d = 5*i. Suppose -2*z = -i - 18. Is z prime?
True
Let t(d) = -17*d + 2. Suppose 4*i = -3 + 15. Let q be t(i). Let s = q - -82. Is s a composite number?
True
Suppose 0 = d - 5*f - 58, 3*d - 242 = -f - f. Let u be 2/(-8) - 207/4. Let t = u + d. Is t prime?
False
Suppose -15*x = 4*x - 244549. Is x prime?
False
Let c(i) = 184*i**3 + i**2 + i + 3. Suppose 19 = 17*l - 15. Is c(l) a prime number?
True
Is (-6)/(-36) + (-40810)/(-12) composite?
True
Suppose 7*k + 63716 = 5*l, -38220 = -3*l - 10*k + 11*k. Is l a composite number?
False
Suppose 76*a - 911673 = 13*a. Is a prime?
False
Let v(k) = 8*k**2 - 2*k**3 - 2*k + 4*k - 6*k**2. Let b be v(2). Is (2/b)/(19/(-8018)) a composite number?
False
Suppose -5*s = -29528 + 6853. Suppose -133*z + 128*z = -s. Is z a prime number?
True
Is (-472916)/(-32) + (-18)/(-48) composite?
False
Suppose 415 = -6*r - 167. Let n = r - -194. Is n a composite number?
False
Suppose -4*j - 402 = -4*q + 3954, -5*j = -3*q + 3271. Is q composite?
False
Is 441 + -2 - (3 + -4 + -3) prime?
True
Suppose -4*b - 4*t + 2 = -18, 2*t = -3*b + 15. Suppose 4*r + b*w = 519 + 220, -5*w - 980 = -5*r. Is r a prime number?
True
Suppose 3*p = -p + j + 132189, -3*p - 3*j = -99138. Is p a composite number?
True
Let o(q) = q**2 + 2*q + 51. Let g(r) = 6*r - 17*r + 12*r - 10. Let u be g(10). Is o(u) a composite number?
True
Suppose 0 = -4*h - h. Suppose 94 = v - b, h*b + 2*b = -2. Suppose -j = -4*j + v. Is j prime?
True
Suppose 0 = 6*x - 2418 - 6888. Suppose -4*p + 6984 + x = c, 3*p - 6403 = c. Suppose 2*f - 1972 = -2*a + 156, -p = -2*a - 4*f. Is a composite?
False
Is 44/(-8) + 1035851/46 a composite number?
True
Let q = 12527 - 8740. Is q a prime number?
False
Let c(w) = w**2 + 11*w + 4. Let s be c(-12). Suppose 15*p + 91 = s*p. Is p a prime number?
False
Suppose 2*y - 38 - 686 = 0. Let i = y + -171. Is i prime?
True
Suppose -365 = 2*r - 11. Is r/(-9)*1*3 prime?
True
Suppose -y - 4 + 26 = 0. Suppose -p + y = -1. Is p a composite number?
False
Let o(b) = b**3 - 20*b**2 + 29*b - 63. Is o(25) a prime number?
False
Suppose 10*t = 13*t + 6, 4*c - 2*t = 15176. Is c a prime number?
True
Let y be 368 + (5 + -1 - 2). Suppose 2*b - 2*l = 154, -3*b = -6*l + 2*l - 228. Suppose -w + z + b = 0, 0*w = 5*w + 5*z - y. Is w a composite number?
True
Let p(d) = -167*d**3 + 3*d**2 + 32*d + 225. Is p(-6) composite?
True
Suppose 106646 = 4*i - 57830. Is i a prime number?
False
Let a(w) = -11*w**2 - 3*w + 22535. Is a(0) composite?
True
Let c(j) = j**2 - 17*j - 24. Let v be c(18). Is 141/2*(-52)/v a prime number?
False
Let u(k) = k**2 - 7*k + 8. Let b be u(6). Suppose 3*r + 7 - 622 = 0. Suppose 5*p + 2*l - r = 0, -b*p + 99 + 2 = -3*l. Is p composite?
False
Is (-80)/(-180) - 19931/(-9) a prime number?
False
Suppose -29*w + 20 = -33*w. Is w/(-20) - (-10965)/12 a composite number?
True
Suppose -4*v + u = -2412, v - 582 = -3*u - 2*u. Let i = -189 + v. Is i a prime number?
False
Suppose 5*s = y + 25305 + 11499, -4*s - 2*y + 29446 = 0. Is s prime?
False
Let p = -35 - -68. Let o = 34 - p. Is (o/(-3))/(1/(-381)) a composite number?
False
Let p = -133 + 56. Let m = 1803 + p. Suppose m = 5*g - 1969. Is g a prime number?
True
Let z(p) = 270*p - 25. Is z(26) a composite number?
True
Let j be 7 + -4 + 0/(-2). Suppose 5*q - 1034 = j*y, 2*y + 3*q = 4*y + 689. Let i = y - -650. Is i a composite number?
False
Let r(j) = 2*j + 16. Let n be r(-7). Suppose -4*w + 8124 - 2264 = -3*p, -2*p = n*w - 2930. Is w a prime number?
False
Let n be -40*(4/20 + 1). Let j be n/2*(-51)/4. Let t = -200 + j. Is t a prime number?
False
Let t(u) = 2*u - 43. Let l be t(23). Suppose 0 = -l*w + 153 + 1128. Is w prime?
False
Let p be (48/(-10))/(3/1370). Let y = p + 4861. Is y a composite number?
True
Suppose j + 12 = -n - 3*j, -2*j = -n + 6. Suppose -5*c - 5*r = -n*c - 3430, c = r + 692. Is c prime?
False
Suppose -11 = 4*v - 2*r + 5*r, 2*v + 13 = -3*r. Let o be -3*2/(-1 - v). Suppose 3*z + 5*g - 67 = 0, 2*z + o*z - 89 = 3*g. Is z composite?
False
Let m be (3 - -5)/4 + 1. Let a(v) = 3*v + 0 - 2 + 8*v**3 - 8 + 6 - 4*v**2. Is a(m) a composite number?
True
Let j = -4666 + 9126. Suppose -2*b - 2*b + j = 0. Is b a composite number?
True
Let g(q) = -q**2 - 5*q - 1. Let n be g(-3). Suppose 8*r - n*r = 2493. Is r prime?
False
Suppose 2*y = 3*h - 1173, 0*y = 5*y + 15. Let q = h - -84. Is q prime?
False
Let c(f) = f + 6. Let y be c(-11). Let z be (2 + y - -3)/1. Suppose 111 = 2*g - d - 0*d, 5*g - d - 270 = z. Is g composite?
False
Suppose -3*z + 12133 = 5*o - 4893, -3*o + 10227 = -2*z. Is o composite?
False
Suppose 0 = b - 5 + 9, 4*n + 4*b = -12. Let q = 6 - n. Suppose -q*k + 123 = -32. Is k prime?
True
Let p be ((-2)/4)/((-6)/60). Suppose -p*r + 40 = -0*r. Suppose -r = 3*u - 167. Is u a prime number?
True
Let a(s) = s - 2. Let b be a(0). Let f(h) = h**2 + 2. Let c be f(b). Suppose 2*w - c*w + 124 = 0. Is w a composite number?
False
Let s(x) = -83*x + x - 11 + 11*x - 101*x. Is s(-4) a composite number?
False
Let x(w) = -6*w + 4. Let a be x(2). Let f be -4 - 1/(1/a)